82078?
False
Is 37746423 a multiple of 39?
True
Does 13 divide 41298075?
True
Is 303079674 a multiple of 131?
False
Does 13 divide 3964118896?
False
Does 810 divide 24402474?
False
Is 6 a factor of 454172449?
False
Does 1217 divide 31556810?
True
Is 10416 a factor of 2591479968?
True
Does 3 divide 161926280?
False
Is 18 a factor of 3484548?
True
Is 569554593 a multiple of 28?
False
Is 141462090 a multiple of 990?
True
Does 85 divide 444210?
True
Is 62085576 a multiple of 29?
False
Does 108 divide 96309540?
True
Is 6116 a factor of 271473886?
False
Does 240 divide 93660431?
False
Is 4 a factor of 9270079?
False
Does 13 divide 14095780?
False
Is 1669561166 a multiple of 26?
True
Does 13 divide 8224070?
False
Is 112 a factor of 18972002?
False
Does 15 divide 15435135?
True
Is 146976683 a multiple of 323?
False
Is 28346288 even?
True
Is 180163434 a multiple of 111?
True
Is 225402092 a multiple of 44?
False
Is 30525120 a multiple of 48?
True
Does 2652 divide 223972008?
True
Is 494 a factor of 40885889?
False
Does 1441 divide 53549001?
True
Does 45 divide 42462591?
False
Is 8933085 a multiple of 345?
True
Is 21 a factor of 8923131?
True
Is 30 a factor of 16741830?
True
Is 1464 a factor of 594154152?
True
Does 60 divide 5735460?
True
Is 143836214 a multiple of 150?
False
Is 376 a factor of 646050301?
False
Is 44193996 a multiple of 77?
True
Is 464184908 a multiple of 1709?
True
Is 300 a factor of 53529762?
False
Does 55 divide 45316329?
False
Is 2412 a factor of 73865088?
True
Is 1539 a factor of 70383087?
True
Does 76 divide 32666210?
False
Is 35 a factor of 47599974?
False
Is 1111 a factor of 770149644?
True
Is 48905740 a multiple of 316?
True
Does 42 divide 73822350?
True
Does 40 divide 106354520?
True
Is 26995431 a multiple of 32?
False
Is 142 a factor of 641590092?
False
Does 3126 divide 238721582?
False
Is 57952958 a multiple of 6114?
False
Is 31 a factor of 37318801?
False
Does 88 divide 132438328?
True
Is 49305444 a multiple of 230?
False
Is 582753801 a multiple of 61?
True
Is 3 a factor of 9310426?
False
Does 50 divide 2202006000?
True
Is 17669407 a multiple of 8?
False
Is 6257842864 a multiple of 13?
True
Is 91669392 a multiple of 674?
True
Is 16446821 a multiple of 15?
False
Is 1700 a factor of 8506800?
True
Does 866 divide 160708823?
False
Is 82876880 a multiple of 710?
True
Is 19616685 a multiple of 37?
False
Is 207305041 a multiple of 149?
True
Does 391 divide 1346406936?
True
Is 1260766596 a multiple of 124?
False
Is 9541198 a multiple of 72?
False
Is 5 a factor of 135966640?
True
Is 1225889756 a multiple of 26?
True
Is 8487950 a multiple of 10?
True
Does 3 divide 18470908?
False
Is 18623872 a multiple of 2?
True
Is 123910944 a multiple of 48?
True
Is 971041480 a multiple of 932?
True
Is 4988188 a multiple of 695?
False
Is 17315774 a multiple of 151?
True
Is 2339 a factor of 435594309?
True
Is 780389012 a multiple of 6169?
False
Is 29475393 a multiple of 393?
True
Is 226 a factor of 537635694?
True
Does 52 divide 4126765113?
False
Does 51 divide 54410729?
False
Does 2 divide 4619?
False
Is 52843701 a multiple of 39?
False
Does 1242 divide 114132348?
True
Does 1076 divide 382495936?
False
Is 55 a factor of 1008093803?
False
Is 2030 a factor of 61905947?
False
Is 104 a factor of 99765328?
True
Is 13 a factor of 125929164?
False
Is 11429250 a multiple of 49?
True
Is 12 a factor of 17690424?
True
Does 29 divide 207834213?
True
Is 613 a factor of 351498891?
False
Is 79 a factor of 62539560?
True
Is 127847022 a multiple of 331?
False
Does 4417 divide 493352398?
True
Does 2646 divide 22792644?
True
Does 260 divide 205723440?
True
Is 50283654 a multiple of 599?
True
Is 376 a factor of 691515099?
False
Is 65 a factor of 684049015?
True
Is 12 a factor of 102921972?
True
Is 10 a factor of 215319?
False
Is 14744444 a multiple of 4?
True
Is 5988000 a multiple of 35?
False
Does 33 divide 98106327?
True
Is 93878097 a multiple of 1249?
False
Is 17779854 a multiple of 2016?
False
Is 6680 a factor of 1677675320?
True
Does 45 divide 21018929?
False
Is 26608788 a multiple of 22?
False
Does 93 divide 195207465?
True
Does 453 divide 4331133?
True
Is 406 a factor of 690808188?
True
Is 10 a factor of 388930965?
False
Does 1002 divide 241471991?
False
Is 18 a factor of 2796649632?
True
Does 3 divide 47616609?
True
Is 5662740 a multiple of 114?
False
Is 352 a factor of 442768508?
False
Is 171 a factor of 132906999?
False
Is 73785600 a multiple of 105?
True
Does 3902 divide 1220744008?
False
Does 469 divide 75168183?
False
Is 125982000 a multiple of 143?
False
Is 8915034 a multiple of 1882?
True
Is 4 a factor of 57336896?
True
Is 19 a factor of 8283905?
True
Is 875342924 a multiple of 244?
True
Does 61 divide 103757367?
False
Is 36210515 a multiple of 49?
False
Is 38274704 a multiple of 78?
False
Is 191311799 a multiple of 1253?
True
Does 3036 divide 261256908?
True
Is 120285973 a multiple of 19?
False
Does 69 divide 122550734?
False
Is 1666 a factor of 400593032?
True
Is 268664802 a multiple of 626?
True
Does 28 divide 32979548?
True
Is 4662125 a multiple of 95?
True
Does 1102 divide 16953776?
False
Does 39 divide 412249032?
True
Is 125450064 a multiple of 144?
True
Is 2382516774 a multiple of 5283?
True
Is 23 a factor of 79835392?
True
Is 12 a factor of 347268167?
False
Does 94 divide 497628289?
False
Does 10 divide 371469269?
False
Is 86979248 a multiple of 26?
False
Is 69 a factor of 946549521?
True
Is 17 a factor of 44072406?
False
Does 8 divide 1177686591?
False
Is 326642040 a multiple of 10?
True
Is 1171 a factor of 1098960080?
True
Is 888326977 a multiple of 1489?
True
Is 24120740 a multiple of 28?
True
Is 27 a factor of 38116413?
True
Is 26 a factor of 11328961?
False
Is 53410644 a multiple of 868?
True
Is 544702026 a multiple of 22?
True
Is 59 a factor of 413765230?
True
Does 13 divide 45881552?
False
Is 546 a factor of 4327736868?
True
Does 307 divide 79722681?
True
Is 91777686 a multiple of 4366?
True
Is 3051786 a multiple of 58?
True
Is 210 a factor of 432313680?
False
Is 41 a factor of 41968348?
False
Is 42 a factor of 44802804?
False
Does 4013 divide 702623603?
False
Is 9 a factor of 7346142?
True
Is 207447561 a multiple of 11?
False
Is 9 a factor of 146365758?
True
Does 81 divide 796523841?
False
Is 4063066 a multiple of 223?
False
Is 166 a factor of 34231026?
True
Does 2339 divide 136344988?
True
Is 83 a factor of 34366980?
True
Is 136 a factor of 809268681?
False
Does 7 divide 12514026?
True
Is 431325917 a multiple of 103?
False
Does 3051 divide 77604564?
False
Is 65545021 a multiple of 59?
False
Is 186 a factor of 2451294?
True
Is 76930410 a multiple of 25?
False
Is 4996 a factor of 1023800304?
True
Is 786 a factor of 28953882?
True
Is 2 a factor of 65546066?
True
Does 39 divide 530884965?
True
Is 17 a factor of 11216039?
True
Is 223 a factor of 58220394?
True
Is 92 a factor of 201944539?
False
Is 107 a factor of 38355862?
True
Is 39 a factor of 2048049432?
True
Is 52 a factor of 1003092948?
True
Is 3 a factor of 34102218?
True
Is 289188289 a multiple of 149?
True
Is 2512070 a multiple of 151?
False
Is 6527151 a multiple of 116?
False
Is 3028 a factor of 25387332?
False
Is 4594992 a multiple of 16?
True
Is 3449502 a multiple of 23?
False
Does 872 divide 58211232?
True
Is 345632440 a multiple of 8?
True
Is 798897467 a multiple of 337?
False
Does 130 divide 23158382?
False
Does 272 divide 15191472?
True
Is 1389968920 a multiple of 40?
True
Is 300144007 a multiple of 19?
True
Does 112 divide 47843514?
False
Is 433 a factor of 521369238?
True
Is 818956521 a multiple of 59?
True
Is 39 a factor of 12051968?
False
Does 566 divide 1059776845?
False
Is 823755181 a multiple of 883?
False
Is 33 a factor of 1708889?
False
Does 294 divide 1749112114?
False
Is 106672463 a multiple of 12?
False
Is 521217119 a multiple of 24?
False
Is 800120277 a multiple of 1199?
True
Is 7410405730 a multiple of 98?
True
Is 150 a factor of 18610500?
True
Does 541 divide 22534803?
False
Does 142 divide 12511566?
False
Is 176727040 a multiple of 4480?
True
Is 1665640147 a multiple of 332?
False
Is 203522699 a multiple of 19?
True
Does 9 divide 17632224?
True
Does 6 divide 2908594?
False
Is 128 a factor of 93514240?
True
Is 331880868 a multiple of 6732?
True
Is 980 a facto